{"id":854,"date":"2025-12-25T04:19:57","date_gmt":"2025-12-25T04:19:57","guid":{"rendered":"https:\/\/noithatdangngoc.com\/?post_type=product&#038;p=854"},"modified":"2025-12-25T12:17:50","modified_gmt":"2025-12-25T12:17:50","slug":"module-ban-lam-viec-4-cho-vach-ni-tieu-am-noi-that-dang-ngoc","status":"publish","type":"product","link":"https:\/\/noithatdangngoc.com\/index.php\/san-pham\/module-ban-lam-viec-4-cho-vach-ni-tieu-am-noi-that-dang-ngoc\/","title":{"rendered":"Module B\u00e0n L\u00e0m Vi\u1ec7c &#8211; N\u1ed9i Th\u1ea5t \u0110\u1eb7ng Ng\u1ecdc"},"content":{"rendered":"<p style=\"font-weight: 400;\">Trong xu h\u01b0\u1edbng thi\u1ebft k\u1ebf v\u0103n ph\u00f2ng hi\u1ec7n \u0111\u1ea1i, <strong>Module b\u00e0n l\u00e0m vi\u1ec7c (B\u00e0n c\u1ee5m)<\/strong> \u0111ang l\u00e0 l\u1ef1a ch\u1ecdn h\u00e0ng \u0111\u1ea7u. \u0110\u00e2y l\u00e0 gi\u1ea3i ph\u00e1p gi\u00fap doanh nghi\u1ec7p gi\u1ea3i quy\u1ebft b\u00e0i to\u00e1n v\u1ec1 kh\u00f4ng gian v\u00e0 chi ph\u00ed hi\u1ec7u qu\u1ea3 nh\u1ea5t.<\/p>\n<p style=\"font-weight: 400;\">T\u1ea1i <strong>N\u1ed9i Th\u1ea5t \u0110\u1eb7ng Ng\u1ecdc<\/strong>, ch\u00fang t\u00f4i cung c\u1ea5p c\u00e1c h\u1ec7 b\u00e0n c\u1ee5m \u0111a n\u0103ng. S\u1ea3n ph\u1ea9m kh\u00f4ng ch\u1ec9 t\u1ea1o n\u00ean m\u00f4i tr\u01b0\u1eddng l\u00e0m vi\u1ec7c chuy\u00ean nghi\u1ec7p m\u00e0 c\u00f2n g\u1eafn k\u1ebft tinh th\u1ea7n \u0111\u1ed3ng \u0111\u1ed9i.<\/p>\n<h2><strong>1. Gi\u1ea3i ph\u00e1p &#8220;2 trong 1&#8221;: Ti\u1ebft ki\u1ec7m di\u1ec7n t\u00edch &amp; T\u0103ng t\u01b0\u01a1ng t\u00e1c<\/strong><\/h2>\n<p style=\"font-weight: 400;\">Thay v\u00ec s\u1eed d\u1ee5ng nh\u1eefng chi\u1ebfc b\u00e0n r\u1eddi r\u1ea1c chi\u1ebfm ch\u1ed7, b\u00e0n c\u1ee5m gi\u00fap quy ho\u1ea1ch kh\u00f4ng gian g\u1ecdn g\u00e0ng h\u01a1n h\u1eb3n.<\/p>\n<ul style=\"font-weight: 400;\">\n<li><strong>T\u1ed1i \u01b0u kh\u00f4ng gian:<\/strong> C\u00e1c module \u0111\u01b0\u1ee3c gh\u00e9p n\u1ed1i th\u00f4ng minh (C\u1ee5m 2, 4, 6, 8&#8230;). Thi\u1ebft k\u1ebf n\u00e0y gi\u00fap t\u1eadn d\u1ee5ng t\u1ed1i \u0111a di\u1ec7n t\u00edch s\u00e0n, t\u1ea1o l\u1ed1i \u0111i th\u00f4ng tho\u00e1ng.<\/li>\n<li><strong>T\u0103ng hi\u1ec7u su\u1ea5t l\u00e0m vi\u1ec7c:<\/strong> M\u00f4i tr\u01b0\u1eddng l\u00e0m vi\u1ec7c nh\u00f3m \u0111\u01b0\u1ee3c thi\u1ebft l\u1eadp d\u1ec5 d\u00e0ng. Nh\u00e2n vi\u00ean c\u00f3 th\u1ec3 trao \u0111\u1ed5i nhanh ch\u00f3ng nh\u01b0ng v\u1eabn gi\u1eef \u0111\u01b0\u1ee3c s\u1ef1 ri\u00eang t\u01b0 c\u1ea7n thi\u1ebft nh\u1edd c\u00e1c v\u00e1ch ng\u0103n tinh t\u1ebf.<\/li>\n<\/ul>\n<h2><strong>2. Thi\u1ebft k\u1ebf th\u00f4ng minh \u2013 \u0110\u1ea7y \u0111\u1ee7 ti\u1ec7n \u00edch<\/strong><\/h2>\n<p style=\"font-weight: 400;\">Hi\u1ec3u r\u00f5 nhu c\u1ea7u c\u1ee7a d\u00e2n v\u0103n ph\u00f2ng, c\u00e1c m\u1eabu b\u00e0n c\u1ee7a ch\u00fang t\u00f4i lu\u00f4n \u0111\u01b0\u1ee3c t\u00edch h\u1ee3p c\u00e1c t\u00ednh n\u0103ng ti\u1ec7n l\u1ee3i:<\/p>\n<ul style=\"font-weight: 400;\">\n<li><strong>H\u1ec7 th\u1ed1ng \u0111i\u1ec7n m\u1ea1ng g\u1ecdn g\u00e0ng:<\/strong> M\u1eb7t b\u00e0n c\u00f3 n\u1eafp lu\u1ed3n d\u00e2y \u0111i\u1ec7n th\u00f4ng minh. D\u00e2y c\u00e1p m\u00e1y t\u00ednh, \u0111i\u1ec7n tho\u1ea1i s\u1ebd \u0111\u01b0\u1ee3c \u0111i ng\u1ea7m ho\u1eb7c gom g\u1ecdn, x\u00f3a b\u1ecf t\u00ecnh tr\u1ea1ng d\u00e2y nh\u1ee3 ch\u1eb1ng ch\u1ecbt.<\/li>\n<li><strong>V\u00e1ch ng\u0103n ri\u00eang t\u01b0:<\/strong> T\u00f9y ch\u1ecdn v\u00e1ch ng\u0103n k\u00ednh, g\u1ed7 ho\u1eb7c n\u1ec9. V\u00e1ch ng\u0103n gi\u00fap ph\u00e2n chia khu v\u1ef1c l\u00e0m vi\u1ec7c c\u00e1 nh\u00e2n, gi\u00fap nh\u00e2n vi\u00ean t\u1eadp trung h\u01a1n.<\/li>\n<li><strong>H\u1ed9c t\u1ee7 di \u0111\u1ed9ng:<\/strong> C\u00f3 th\u1ec3 k\u1ebft h\u1ee3p th\u00eam h\u1ed9c t\u1ee7 c\u00e1 nh\u00e2n (ng\u0103n k\u00e9o) d\u01b0\u1edbi g\u1ea7m b\u00e0n \u0111\u1ec3 \u0111\u1ef1ng t\u00e0i li\u1ec7u v\u00e0 v\u1eadt d\u1ee5ng quan tr\u1ecdng.<\/li>\n<\/ul>\n<h2><strong>3. Ch\u1ea5t li\u1ec7u G\u1ed7 MDF cao c\u1ea5p \u2013 B\u1ec1n \u0111\u1eb9p chu\u1ea9n v\u0103n ph\u00f2ng<\/strong><\/h2>\n<p style=\"font-weight: 400;\">Ch\u00fang t\u00f4i \u01b0u ti\u00ean s\u1eed d\u1ee5ng v\u1eadt li\u1ec7u c\u00f3 \u0111\u1ed9 b\u1ec1n cao, ch\u1ecbu \u0111\u01b0\u1ee3c c\u01b0\u1eddng \u0111\u1ed9 l\u00e0m vi\u1ec7c li\u00ean t\u1ee5c t\u1ea1i v\u0103n ph\u00f2ng:<\/p>\n<ul style=\"font-weight: 400;\">\n<li><strong>Ch\u1ed1ng tr\u1ea7y x\u01b0\u1edbc &amp; \u1ea8m m\u1ed1c:<\/strong> C\u1ed1t g\u1ed7 <strong>MDF l\u00f5i xanh ch\u1ed1ng \u1ea9m<\/strong>, b\u1ec1 m\u1eb7t ph\u1ee7 Melamine d\u00e0y d\u1eb7n. B\u1ea1n ho\u00e0n to\u00e0n y\u00ean t\u00e2m v\u1ec1 kh\u1ea3 n\u0103ng ch\u1ed1ng th\u1ea5m n\u01b0\u1edbc v\u00e0 h\u1ea1n ch\u1ebf tr\u1ea7y x\u01b0\u1edbc m\u1eb7t b\u00e0n.<\/li>\n<li><strong>K\u1ebft c\u1ea5u v\u1eefng ch\u00e3i:<\/strong> H\u1ec7 khung ch\u00e2n (g\u1ed7 ho\u1eb7c s\u1eaft s\u01a1n t\u0129nh \u0111i\u1ec7n) \u0111\u01b0\u1ee3c gia c\u00f4ng t\u1ec9 m\u1ec9. B\u00e0n \u0111\u1ea3m b\u1ea3o kh\u00f4ng b\u1ecb rung l\u1eafc khi g\u00f5 ph\u00edm hay l\u00e0m vi\u1ec7c nh\u00f3m.<\/li>\n<\/ul>\n<h2><strong>4. D\u1ecbch v\u1ee5 May \u0111o &amp; Thi\u1ebft k\u1ebf 3D theo nh\u1eadn di\u1ec7n th\u01b0\u01a1ng hi\u1ec7u<\/strong><\/h2>\n<p style=\"font-weight: 400;\">M\u1ed7i c\u00f4ng ty c\u00f3 m\u1ed9t m\u00e0u s\u1eafc th\u01b0\u01a1ng hi\u1ec7u v\u00e0 m\u1eb7t b\u1eb1ng kh\u00e1c nhau. N\u1ed9i Th\u1ea5t \u0110\u1eb7ng Ng\u1ecdc mang \u0111\u1ebfn gi\u1ea3i ph\u00e1p c\u00e1 nh\u00e2n h\u00f3a tuy\u1ec7t \u0111\u1ed1i:<\/p>\n<ul style=\"font-weight: 400;\">\n<li><strong>S\u1ea3n xu\u1ea5t theo k\u00edch th\u01b0\u1edbc th\u1ef1c:<\/strong> Ch\u00fang t\u00f4i \u0111o \u0111\u1ea1c t\u1eadn n\u01a1i \u0111\u1ec3 s\u1ea3n xu\u1ea5t h\u1ec7 b\u00e0n v\u1eeba kh\u00edt v\u1edbi v\u0103n ph\u00f2ng c\u1ee7a b\u1ea1n.<\/li>\n<li><strong>Ph\u1ed1i m\u00e0u theo y\u00eau c\u1ea7u:<\/strong> B\u1ea1n c\u00f3 th\u1ec3 ch\u1ecdn m\u00e0u m\u1eb7t b\u00e0n v\u00e0 v\u00e1ch ng\u0103n theo t\u00f4ng m\u00e0u Logo c\u00f4ng ty.<\/li>\n<li><strong>Thi\u1ebft k\u1ebf 3D mi\u1ec5n ph\u00ed:<\/strong> Ch\u00fang t\u00f4i h\u1ed7 tr\u1ee3 l\u00ean b\u1ea3n v\u1ebd b\u1ed1 tr\u00ed m\u1eb7t b\u1eb1ng 3D. B\u1ea1n s\u1ebd h\u00ecnh dung r\u00f5 lu\u1ed3ng di chuy\u1ec3n v\u00e0 kh\u00f4ng gian tr\u01b0\u1edbc khi ch\u1ed1t \u0111\u01a1n.<\/li>\n<\/ul>\n<h2><strong>5. Th\u00f4ng s\u1ed1 k\u1ef9 thu\u1eadt chung<\/strong><\/h2>\n<ul style=\"font-weight: 400;\">\n<li><strong>Th\u01b0\u01a1ng hi\u1ec7u:<\/strong> N\u1ed9i Th\u1ea5t \u0110\u1eb7ng Ng\u1ecdc.<\/li>\n<li><strong>Ch\u1ee7ng lo\u1ea1i:<\/strong> Module b\u00e0n l\u00e0m vi\u1ec7c \/ B\u00e0n c\u1ee5m v\u0103n ph\u00f2ng (2-4-6-8 ch\u1ed7).<\/li>\n<li><strong>Ch\u1ea5t li\u1ec7u:<\/strong> G\u1ed7 MDF l\u00f5i xanh ph\u1ee7 Melamine. Ch\u00e2n g\u1ed7 ho\u1eb7c ch\u00e2n s\u1eaft s\u01a1n t\u0129nh \u0111i\u1ec7n.<\/li>\n<li><strong>K\u00edch th\u01b0\u1edbc:<\/strong>\n<ul>\n<li>K\u00edch th\u01b0\u1edbc chu\u1ea9n m\u1ed7i ch\u1ed7 ng\u1ed3i: R\u1ed9ng 1000\/1200mm x S\u00e2u 600mm.<\/li>\n<li>T\u1ed5ng k\u00edch th\u01b0\u1edbc: T\u00f9y thu\u1ed9c v\u00e0o s\u1ed1 l\u01b0\u1ee3ng ch\u1ed7 ng\u1ed3i v\u00e0 kh\u00f4ng gian th\u1ef1c t\u1ebf.<\/li>\n<\/ul>\n<\/li>\n<li><strong>B\u1ea3o h\u00e0nh:<\/strong> 12 th\u00e1ng, h\u1ed7 tr\u1ee3 k\u1ef9 thu\u1eadt tr\u1ecdn \u0111\u1eddi.<\/li>\n<\/ul>\n<h2><strong>6. Li\u00ean h\u1ec7 t\u01b0 v\u1ea5n &amp; L\u00ean thi\u1ebft k\u1ebf 3D<\/strong><\/h2>\n<p style=\"font-weight: 400;\">N\u00e2ng c\u1ea5p kh\u00f4ng gian l\u00e0m vi\u1ec7c ngay h\u00f4m nay \u0111\u1ec3 b\u1ee9t ph\u00e1 hi\u1ec7u qu\u1ea3 kinh doanh. Li\u00ean h\u1ec7 v\u1edbi N\u1ed9i Th\u1ea5t \u0110\u1eb7ng Ng\u1ecdc \u0111\u1ec3 nh\u1eadn b\u00e1o gi\u00e1 t\u1ed1t nh\u1ea5t t\u1ea1i x\u01b0\u1edfng!<\/p>\n<ul style=\"font-weight: 400;\">\n<li>\ud83d\udcde <strong>Hotline \/ Zalo:<\/strong> <strong>0379.793.956 \u2013 0379.946.639<\/strong><\/li>\n<li>\ud83d\udccd <strong>N\u1ed9i Th\u1ea5t \u0110\u1eb7ng Ng\u1ecdc<\/strong> \u2013 Ki\u1ebfn t\u1ea1o v\u0103n ph\u00f2ng hi\u1ec7n \u0111\u1ea1i.<\/li>\n<\/ul>\n","protected":false},"excerpt":{"rendered":"<div class=\"product-short-description\">\n<p data-path-to-node=\"2\">S\u1ea3n ph\u1ea9m \u0111\u01b0\u1ee3c <b>N\u1ed9i Th\u1ea5t \u0110\u1eb7ng Ng\u1ecdc<\/b> s\u1ea3n xu\u1ea5t tr\u1ef1c ti\u1ebfp, t\u1ed1i \u01b0u c\u00f4ng n\u0103ng l\u01b0u tr\u1eef cho m\u1ecdi kh\u00f4ng gian t\u1eeb Gia \u0111\u00ecnh, V\u0103n ph\u00f2ng \u0111\u1ebfn Spa\/Showroom.<\/p>\n<ul>\n<li data-path-to-node=\"2\"><strong>K\u00edch th\u01b0\u1edbc:<\/strong> Li\u00ean h\u1ec7 t\u01b0 v\u1ea5n<\/li>\n<li data-path-to-node=\"2\"><b>Ch\u1ea5t li\u1ec7u:<\/b> G\u1ed7 MDF l\u00f5i xanh cao c\u1ea5p, ph\u1ee7 Melamine ch\u1ed1ng tr\u1ea7y x\u01b0\u1edbc, ch\u1ed1ng \u1ea9m v\u00e0 cong v\u00eanh.<\/li>\n<li data-path-to-node=\"2\"><b>May \u0111o theo y\u00eau c\u1ea7u:<\/b> Nh\u1eadn \u0111\u00f3ng theo k\u00edch th\u01b0\u1edbc th\u1ef1c t\u1ebf v\u00e0 ph\u1ed1i m\u00e0u t\u00f9y \u00fd \u0111\u1ec3 h\u1ee3p phong th\u1ee7y\/logo th\u01b0\u01a1ng hi\u1ec7u.<\/li>\n<li data-path-to-node=\"2\"><b>D\u1ecbch v\u1ee5 \u0111\u1eb7c bi\u1ec7t:<\/b> H\u1ed7 tr\u1ee3 <b>l\u00ean thi\u1ebft k\u1ebf 3D<\/b> \u0111\u1ec3 kh\u00e1ch xem tr\u01b0\u1edbc khi thi c\u00f4ng.<\/li>\n<li data-path-to-node=\"2\"><b>Cam k\u1ebft:<\/b> K\u1ebft c\u1ea5u ch\u1eafc ch\u1eafn, b\u1ea3o h\u00e0nh 12 th\u00e1ng.<\/li>\n<\/ul>\n<p><img decoding=\"async\" class=\"emoji\" role=\"img\" draggable=\"false\" src=\"https:\/\/s.w.org\/images\/core\/emoji\/17.0.2\/svg\/1f4de.svg\" alt=\"\ud83d\udcde\" \/> <b>Li\u00ean h\u1ec7 t\u01b0 v\u1ea5n:<\/b><b> 0379.793.956 \u2013 0379.946.639<\/b><\/p>\n<\/div>\n","protected":false},"featured_media":815,"comment_status":"open","ping_status":"closed","template":"","meta":[],"product_brand":[],"product_cat":[108,78],"product_tag":[113],"class_list":{"0":"post-854","1":"product","2":"type-product","3":"status-publish","4":"has-post-thumbnail","6":"product_cat-ban-lam-viec","7":"product_cat-noi-that-van-phong","8":"product_tag-ban","10":"first","11":"instock","12":"shipping-taxable","13":"product-type-external"},"yoast_head":"<!-- This site is optimized with the Yoast SEO plugin v26.6 - https:\/\/yoast.com\/wordpress\/plugins\/seo\/ -->\n<title>Module B\u00e0n L\u00e0m Vi\u1ec7c - N\u1ed9i Th\u1ea5t \u0110\u1eb7ng Ng\u1ecdc<\/title>\n<meta name=\"description\" content=\"X\u01b0\u1edfng \u0111\u00f3ng B\u00e0n C\u1ee5m V\u0103n Ph\u00f2ng hi\u1ec7n \u0111\u1ea1i, ti\u1ebft ki\u1ec7m di\u1ec7n t\u00edch. N\u1ed9i Th\u1ea5t \u0110\u1eb7ng Ng\u1ecdc nh\u1eadn thi c\u00f4ng tr\u1ecdn g\u00f3i, thi\u1ebft k\u1ebf 3D mi\u1ec5n ph\u00ed. BH 12 th\u00e1ng. LH: 0379.946.639\" \/>\n<meta name=\"robots\" content=\"index, follow, max-snippet:-1, max-image-preview:large, max-video-preview:-1\" \/>\n<link rel=\"canonical\" href=\"https:\/\/noithatdangngoc.com\/index.php\/san-pham\/module-ban-lam-viec-4-cho-vach-ni-tieu-am-noi-that-dang-ngoc\/\" \/>\n<meta property=\"og:locale\" content=\"vi_VN\" \/>\n<meta property=\"og:type\" content=\"article\" \/>\n<meta property=\"og:title\" content=\"Module B\u00e0n L\u00e0m Vi\u1ec7c - N\u1ed9i Th\u1ea5t \u0110\u1eb7ng Ng\u1ecdc\" \/>\n<meta property=\"og:description\" content=\"X\u01b0\u1edfng \u0111\u00f3ng B\u00e0n C\u1ee5m V\u0103n Ph\u00f2ng hi\u1ec7n \u0111\u1ea1i, ti\u1ebft ki\u1ec7m di\u1ec7n t\u00edch. N\u1ed9i Th\u1ea5t \u0110\u1eb7ng Ng\u1ecdc nh\u1eadn thi c\u00f4ng tr\u1ecdn g\u00f3i, thi\u1ebft k\u1ebf 3D mi\u1ec5n ph\u00ed. BH 12 th\u00e1ng. LH: 0379.946.639\" \/>\n<meta property=\"og:url\" content=\"https:\/\/noithatdangngoc.com\/index.php\/san-pham\/module-ban-lam-viec-4-cho-vach-ni-tieu-am-noi-that-dang-ngoc\/\" \/>\n<meta property=\"og:site_name\" content=\"N\u1ed9i Th\u1ea5t \u0110\u1eb7ng Ng\u1ecdc\" \/>\n<meta property=\"article:modified_time\" content=\"2025-12-25T12:17:50+00:00\" \/>\n<meta property=\"og:image\" content=\"https:\/\/noithatdangngoc.com\/wp-content\/uploads\/2025\/12\/253-682x1024.png\" \/>\n\t<meta property=\"og:image:width\" content=\"682\" \/>\n\t<meta property=\"og:image:height\" content=\"1024\" \/>\n\t<meta property=\"og:image:type\" content=\"image\/png\" \/>\n<meta name=\"twitter:card\" content=\"summary_large_image\" \/>\n<meta name=\"twitter:label1\" content=\"\u01af\u1edbc t\u00ednh th\u1eddi gian \u0111\u1ecdc\" \/>\n\t<meta name=\"twitter:data1\" content=\"4 ph\u00fat\" \/>\n<script type=\"application\/ld+json\" class=\"yoast-schema-graph\">{\"@context\":\"https:\/\/schema.org\",\"@graph\":[{\"@type\":\"WebPage\",\"@id\":\"https:\/\/noithatdangngoc.com\/index.php\/san-pham\/module-ban-lam-viec-4-cho-vach-ni-tieu-am-noi-that-dang-ngoc\/\",\"url\":\"https:\/\/noithatdangngoc.com\/index.php\/san-pham\/module-ban-lam-viec-4-cho-vach-ni-tieu-am-noi-that-dang-ngoc\/\",\"name\":\"Module B\u00e0n L\u00e0m Vi\u1ec7c - N\u1ed9i Th\u1ea5t \u0110\u1eb7ng Ng\u1ecdc\",\"isPartOf\":{\"@id\":\"https:\/\/noithatdangngoc.com\/#website\"},\"primaryImageOfPage\":{\"@id\":\"https:\/\/noithatdangngoc.com\/index.php\/san-pham\/module-ban-lam-viec-4-cho-vach-ni-tieu-am-noi-that-dang-ngoc\/#primaryimage\"},\"image\":{\"@id\":\"https:\/\/noithatdangngoc.com\/index.php\/san-pham\/module-ban-lam-viec-4-cho-vach-ni-tieu-am-noi-that-dang-ngoc\/#primaryimage\"},\"thumbnailUrl\":\"https:\/\/noithatdangngoc.com\/wp-content\/uploads\/2025\/12\/253.png\",\"datePublished\":\"2025-12-25T04:19:57+00:00\",\"dateModified\":\"2025-12-25T12:17:50+00:00\",\"description\":\"X\u01b0\u1edfng \u0111\u00f3ng B\u00e0n C\u1ee5m V\u0103n Ph\u00f2ng hi\u1ec7n \u0111\u1ea1i, ti\u1ebft ki\u1ec7m di\u1ec7n t\u00edch. N\u1ed9i Th\u1ea5t \u0110\u1eb7ng Ng\u1ecdc nh\u1eadn thi c\u00f4ng tr\u1ecdn g\u00f3i, thi\u1ebft k\u1ebf 3D mi\u1ec5n ph\u00ed. BH 12 th\u00e1ng. LH: 0379.946.639\",\"breadcrumb\":{\"@id\":\"https:\/\/noithatdangngoc.com\/index.php\/san-pham\/module-ban-lam-viec-4-cho-vach-ni-tieu-am-noi-that-dang-ngoc\/#breadcrumb\"},\"inLanguage\":\"vi\",\"potentialAction\":[{\"@type\":\"ReadAction\",\"target\":[\"https:\/\/noithatdangngoc.com\/index.php\/san-pham\/module-ban-lam-viec-4-cho-vach-ni-tieu-am-noi-that-dang-ngoc\/\"]}]},{\"@type\":\"ImageObject\",\"inLanguage\":\"vi\",\"@id\":\"https:\/\/noithatdangngoc.com\/index.php\/san-pham\/module-ban-lam-viec-4-cho-vach-ni-tieu-am-noi-that-dang-ngoc\/#primaryimage\",\"url\":\"https:\/\/noithatdangngoc.com\/wp-content\/uploads\/2025\/12\/253.png\",\"contentUrl\":\"https:\/\/noithatdangngoc.com\/wp-content\/uploads\/2025\/12\/253.png\",\"width\":1181,\"height\":1772,\"caption\":\"B\u00e0n c\u1ee5m v\u0103n ph\u00f2ng hi\u1ec7n \u0111\u1ea1i \u0110\u1eb7ng Ng\u1ecdc\"},{\"@type\":\"BreadcrumbList\",\"@id\":\"https:\/\/noithatdangngoc.com\/index.php\/san-pham\/module-ban-lam-viec-4-cho-vach-ni-tieu-am-noi-that-dang-ngoc\/#breadcrumb\",\"itemListElement\":[{\"@type\":\"ListItem\",\"position\":1,\"name\":\"Trang ch\u1ee7\",\"item\":\"https:\/\/noithatdangngoc.com\/\"},{\"@type\":\"ListItem\",\"position\":2,\"name\":\"C\u1eeda h\u00e0ng\",\"item\":\"https:\/\/noithatdangngoc.com\/index.php\/cua-hang\/\"},{\"@type\":\"ListItem\",\"position\":3,\"name\":\"Module B\u00e0n L\u00e0m Vi\u1ec7c &#8211; N\u1ed9i Th\u1ea5t \u0110\u1eb7ng Ng\u1ecdc\"}]},{\"@type\":\"WebSite\",\"@id\":\"https:\/\/noithatdangngoc.com\/#website\",\"url\":\"https:\/\/noithatdangngoc.com\/\",\"name\":\"N\u1ed9i Th\u1ea5t \u0110\u1eb7ng Ng\u1ecdc\",\"description\":\"\",\"potentialAction\":[{\"@type\":\"SearchAction\",\"target\":{\"@type\":\"EntryPoint\",\"urlTemplate\":\"https:\/\/noithatdangngoc.com\/?s={search_term_string}\"},\"query-input\":{\"@type\":\"PropertyValueSpecification\",\"valueRequired\":true,\"valueName\":\"search_term_string\"}}],\"inLanguage\":\"vi\"}]}<\/script>\n<!-- \/ Yoast SEO plugin. -->","yoast_head_json":{"title":"Module B\u00e0n L\u00e0m Vi\u1ec7c - N\u1ed9i Th\u1ea5t \u0110\u1eb7ng Ng\u1ecdc","description":"X\u01b0\u1edfng \u0111\u00f3ng B\u00e0n C\u1ee5m V\u0103n Ph\u00f2ng hi\u1ec7n \u0111\u1ea1i, ti\u1ebft ki\u1ec7m di\u1ec7n t\u00edch. N\u1ed9i Th\u1ea5t \u0110\u1eb7ng Ng\u1ecdc nh\u1eadn thi c\u00f4ng tr\u1ecdn g\u00f3i, thi\u1ebft k\u1ebf 3D mi\u1ec5n ph\u00ed. BH 12 th\u00e1ng. LH: 0379.946.639","robots":{"index":"index","follow":"follow","max-snippet":"max-snippet:-1","max-image-preview":"max-image-preview:large","max-video-preview":"max-video-preview:-1"},"canonical":"https:\/\/noithatdangngoc.com\/index.php\/san-pham\/module-ban-lam-viec-4-cho-vach-ni-tieu-am-noi-that-dang-ngoc\/","og_locale":"vi_VN","og_type":"article","og_title":"Module B\u00e0n L\u00e0m Vi\u1ec7c - N\u1ed9i Th\u1ea5t \u0110\u1eb7ng Ng\u1ecdc","og_description":"X\u01b0\u1edfng \u0111\u00f3ng B\u00e0n C\u1ee5m V\u0103n Ph\u00f2ng hi\u1ec7n \u0111\u1ea1i, ti\u1ebft ki\u1ec7m di\u1ec7n t\u00edch. N\u1ed9i Th\u1ea5t \u0110\u1eb7ng Ng\u1ecdc nh\u1eadn thi c\u00f4ng tr\u1ecdn g\u00f3i, thi\u1ebft k\u1ebf 3D mi\u1ec5n ph\u00ed. BH 12 th\u00e1ng. LH: 0379.946.639","og_url":"https:\/\/noithatdangngoc.com\/index.php\/san-pham\/module-ban-lam-viec-4-cho-vach-ni-tieu-am-noi-that-dang-ngoc\/","og_site_name":"N\u1ed9i Th\u1ea5t \u0110\u1eb7ng Ng\u1ecdc","article_modified_time":"2025-12-25T12:17:50+00:00","og_image":[{"width":682,"height":1024,"url":"https:\/\/noithatdangngoc.com\/wp-content\/uploads\/2025\/12\/253-682x1024.png","type":"image\/png"}],"twitter_card":"summary_large_image","twitter_misc":{"\u01af\u1edbc t\u00ednh th\u1eddi gian \u0111\u1ecdc":"4 ph\u00fat"},"schema":{"@context":"https:\/\/schema.org","@graph":[{"@type":"WebPage","@id":"https:\/\/noithatdangngoc.com\/index.php\/san-pham\/module-ban-lam-viec-4-cho-vach-ni-tieu-am-noi-that-dang-ngoc\/","url":"https:\/\/noithatdangngoc.com\/index.php\/san-pham\/module-ban-lam-viec-4-cho-vach-ni-tieu-am-noi-that-dang-ngoc\/","name":"Module B\u00e0n L\u00e0m Vi\u1ec7c - N\u1ed9i Th\u1ea5t \u0110\u1eb7ng Ng\u1ecdc","isPartOf":{"@id":"https:\/\/noithatdangngoc.com\/#website"},"primaryImageOfPage":{"@id":"https:\/\/noithatdangngoc.com\/index.php\/san-pham\/module-ban-lam-viec-4-cho-vach-ni-tieu-am-noi-that-dang-ngoc\/#primaryimage"},"image":{"@id":"https:\/\/noithatdangngoc.com\/index.php\/san-pham\/module-ban-lam-viec-4-cho-vach-ni-tieu-am-noi-that-dang-ngoc\/#primaryimage"},"thumbnailUrl":"https:\/\/noithatdangngoc.com\/wp-content\/uploads\/2025\/12\/253.png","datePublished":"2025-12-25T04:19:57+00:00","dateModified":"2025-12-25T12:17:50+00:00","description":"X\u01b0\u1edfng \u0111\u00f3ng B\u00e0n C\u1ee5m V\u0103n Ph\u00f2ng hi\u1ec7n \u0111\u1ea1i, ti\u1ebft ki\u1ec7m di\u1ec7n t\u00edch. N\u1ed9i Th\u1ea5t \u0110\u1eb7ng Ng\u1ecdc nh\u1eadn thi c\u00f4ng tr\u1ecdn g\u00f3i, thi\u1ebft k\u1ebf 3D mi\u1ec5n ph\u00ed. BH 12 th\u00e1ng. LH: 0379.946.639","breadcrumb":{"@id":"https:\/\/noithatdangngoc.com\/index.php\/san-pham\/module-ban-lam-viec-4-cho-vach-ni-tieu-am-noi-that-dang-ngoc\/#breadcrumb"},"inLanguage":"vi","potentialAction":[{"@type":"ReadAction","target":["https:\/\/noithatdangngoc.com\/index.php\/san-pham\/module-ban-lam-viec-4-cho-vach-ni-tieu-am-noi-that-dang-ngoc\/"]}]},{"@type":"ImageObject","inLanguage":"vi","@id":"https:\/\/noithatdangngoc.com\/index.php\/san-pham\/module-ban-lam-viec-4-cho-vach-ni-tieu-am-noi-that-dang-ngoc\/#primaryimage","url":"https:\/\/noithatdangngoc.com\/wp-content\/uploads\/2025\/12\/253.png","contentUrl":"https:\/\/noithatdangngoc.com\/wp-content\/uploads\/2025\/12\/253.png","width":1181,"height":1772,"caption":"B\u00e0n c\u1ee5m v\u0103n ph\u00f2ng hi\u1ec7n \u0111\u1ea1i \u0110\u1eb7ng Ng\u1ecdc"},{"@type":"BreadcrumbList","@id":"https:\/\/noithatdangngoc.com\/index.php\/san-pham\/module-ban-lam-viec-4-cho-vach-ni-tieu-am-noi-that-dang-ngoc\/#breadcrumb","itemListElement":[{"@type":"ListItem","position":1,"name":"Trang ch\u1ee7","item":"https:\/\/noithatdangngoc.com\/"},{"@type":"ListItem","position":2,"name":"C\u1eeda h\u00e0ng","item":"https:\/\/noithatdangngoc.com\/index.php\/cua-hang\/"},{"@type":"ListItem","position":3,"name":"Module B\u00e0n L\u00e0m Vi\u1ec7c &#8211; N\u1ed9i Th\u1ea5t \u0110\u1eb7ng Ng\u1ecdc"}]},{"@type":"WebSite","@id":"https:\/\/noithatdangngoc.com\/#website","url":"https:\/\/noithatdangngoc.com\/","name":"N\u1ed9i Th\u1ea5t \u0110\u1eb7ng Ng\u1ecdc","description":"","potentialAction":[{"@type":"SearchAction","target":{"@type":"EntryPoint","urlTemplate":"https:\/\/noithatdangngoc.com\/?s={search_term_string}"},"query-input":{"@type":"PropertyValueSpecification","valueRequired":true,"valueName":"search_term_string"}}],"inLanguage":"vi"}]}},"_links":{"self":[{"href":"https:\/\/noithatdangngoc.com\/index.php\/wp-json\/wp\/v2\/product\/854","targetHints":{"allow":["GET"]}}],"collection":[{"href":"https:\/\/noithatdangngoc.com\/index.php\/wp-json\/wp\/v2\/product"}],"about":[{"href":"https:\/\/noithatdangngoc.com\/index.php\/wp-json\/wp\/v2\/types\/product"}],"replies":[{"embeddable":true,"href":"https:\/\/noithatdangngoc.com\/index.php\/wp-json\/wp\/v2\/comments?post=854"}],"wp:featuredmedia":[{"embeddable":true,"href":"https:\/\/noithatdangngoc.com\/index.php\/wp-json\/wp\/v2\/media\/815"}],"wp:attachment":[{"href":"https:\/\/noithatdangngoc.com\/index.php\/wp-json\/wp\/v2\/media?parent=854"}],"wp:term":[{"taxonomy":"product_brand","embeddable":true,"href":"https:\/\/noithatdangngoc.com\/index.php\/wp-json\/wp\/v2\/product_brand?post=854"},{"taxonomy":"product_cat","embeddable":true,"href":"https:\/\/noithatdangngoc.com\/index.php\/wp-json\/wp\/v2\/product_cat?post=854"},{"taxonomy":"product_tag","embeddable":true,"href":"https:\/\/noithatdangngoc.com\/index.php\/wp-json\/wp\/v2\/product_tag?post=854"}],"curies":[{"name":"wp","href":"https:\/\/api.w.org\/{rel}","templated":true}]}}