{"id":328,"date":"2025-12-16T14:36:48","date_gmt":"2025-12-16T14:36:48","guid":{"rendered":"https:\/\/noithatdangngoc.com\/?post_type=product&#038;p=328"},"modified":"2025-12-19T18:06:11","modified_gmt":"2025-12-19T18:06:11","slug":"ke-sach-dung-da-nang-hien-dai","status":"publish","type":"product","link":"https:\/\/noithatdangngoc.com\/index.php\/san-pham\/ke-sach-dung-da-nang-hien-dai\/","title":{"rendered":"K\u1ec7 S\u00e1ch \u0110\u1ee9ng \u0110a N\u0103ng Hi\u1ec7n \u0111\u1ea1i"},"content":{"rendered":"<p>1. Gi\u1ea3i ph\u00e1p l\u01b0u tr\u1eef th\u00f4ng minh cho m\u1ecdi kh\u00f4ng gian Kh\u00f4ng ch\u1ec9 \u0111\u01a1n thu\u1ea7n l\u00e0 n\u01a1i \u0111\u1ec3 s\u00e1ch, m\u1eabu K\u1ec7 s\u00e1ch \u0111\u1ee9ng c\u1ee7a N\u1ed9i Th\u1ea5t \u0110\u1eb7ng Ng\u1ecdc c\u00f2n l\u00e0 m\u00f3n \u0111\u1ed3 n\u1ed9i th\u1ea5t trang tr\u00ed gi\u00fap kh\u00f4ng gian tr\u1edf n\u00ean g\u1ecdn g\u00e0ng v\u00e0 tinh t\u1ebf h\u01a1n. V\u1edbi thi\u1ebft k\u1ebf hi\u1ec7n \u0111\u1ea1i, s\u1ea3n ph\u1ea9m \u201cc\u00e2n\u201d \u0111\u01b0\u1ee3c m\u1ecdi phong c\u00e1ch n\u1ed9i th\u1ea5t t\u1eeb gia \u0111\u00ecnh \u1ea5m c\u00fang \u0111\u1ebfn v\u0103n ph\u00f2ng chuy\u00ean nghi\u1ec7p hay c\u00e1c ti\u1ec7m Nail \u2013 Spa sang tr\u1ecdng.<\/p>\n<p>2. \u1ee8ng d\u1ee5ng linh ho\u1ea1t \u2013 M\u1ed9t s\u1ea3n ph\u1ea9m, nhi\u1ec1u c\u00f4ng n\u0103ng S\u1ea3n ph\u1ea9m \u0111\u01b0\u1ee3c thi\u1ebft k\u1ebf \u0111\u1ec3 ph\u1ee5c v\u1ee5 \u0111a d\u1ea1ng nhu c\u1ea7u c\u1ee7a kh\u00e1ch h\u00e0ng: Cho Gia \u0111\u00ecnh: L\u00e0m k\u1ec7 s\u00e1ch ph\u00f2ng l\u00e0m vi\u1ec7c, k\u1ec7 trang tr\u00ed ph\u00f2ng kh\u00e1ch ho\u1eb7c v\u00e1ch ng\u0103n kh\u00f4ng gian tho\u00e1ng \u0111\u00e3ng. Cho V\u0103n ph\u00f2ng: L\u01b0u tr\u1eef h\u1ed3 s\u01a1, t\u00e0i li\u1ec7u g\u1ecdn g\u00e0ng, t\u1ea1o m\u00f4i tr\u01b0\u1eddng l\u00e0m vi\u1ec7c chuy\u00ean nghi\u1ec7p. Cho Nail \u2013 Spa: D\u00f9ng l\u00e0m k\u1ec7 tr\u01b0ng b\u00e0y s\u01a1n m\u00f3ng, m\u1ef9 ph\u1ea9m, kh\u0103n, ho\u1eb7c t\u1ea1p ch\u00ed cho kh\u00e1ch ch\u1edd, gi\u00fap ti\u1ec7m th\u00eam ph\u1ea7n sang tr\u1ecdng v\u00e0 ng\u0103n n\u1eafp.<\/p>\n<p>3. D\u1ecbch v\u1ee5 Thi\u1ebft k\u1ebf 3D \u2013 H\u00ecnh dung tr\u01b0\u1edbc, h\u00e0i l\u00f2ng sau B\u1ea1n lo l\u1eafng kh\u00f4ng bi\u1ebft chi\u1ebfc k\u1ec7 n\u00e0y c\u00f3 v\u1eeba v\u1eb7n v\u00e0 h\u00e0i h\u00f2a v\u1edbi c\u0103n ph\u00f2ng c\u1ee7a m\u00ecnh? T\u1ea1i N\u1ed9i Th\u1ea5t \u0110\u1eb7ng Ng\u1ecdc, ch\u00fang t\u00f4i nh\u1eadn l\u00ean b\u1ea3n v\u1ebd thi\u1ebft k\u1ebf 3D cho kh\u00e1ch h\u00e0ng c\u00f3 nhu c\u1ea7u. Gi\u00fap b\u1ea1n nh\u00ecn th\u1ea5y tr\u01b0\u1edbc s\u1ea3n ph\u1ea9m trong kh\u00f4ng gian th\u1ef1c t\u1ebf, d\u1ec5 d\u00e0ng \u0111i\u1ec1u ch\u1ec9nh k\u00edch th\u01b0\u1edbc v\u00e0 m\u00e0u s\u1eafc tr\u01b0\u1edbc khi s\u1ea3n xu\u1ea5t.<\/p>\n<p>4. Th\u00f4ng s\u1ed1 k\u1ef9 thu\u1eadt &amp; Ch\u1ea5t l\u01b0\u1ee3ng Ch\u1ea5t li\u1ec7u: G\u1ed7 MDF cao c\u1ea5p, ch\u1ed1ng cong v\u00eanh, m\u1ed1i m\u1ecdt, tu\u1ed5i th\u1ecd s\u1eed d\u1ee5ng l\u00e2u d\u00e0i. M\u00e0u s\u1eafc: T\u00f9y ch\u1ecdn theo b\u1ea3ng m\u00e0u \u0111a d\u1ea1ng (V\u00e2n g\u1ed7, Tr\u1eafng, \u0110en, X\u00e1m\u2026). Ch\u00fang t\u00f4i s\u1ebd t\u01b0 v\u1ea5n m\u00e0u s\u1eafc ph\u00f9 h\u1ee3p v\u1edbi logo th\u01b0\u01a1ng hi\u1ec7u ho\u1eb7c phong th\u1ee7y gia ch\u1ee7. K\u00edch th\u01b0\u1edbc: C\u00f3 nhi\u1ec1u k\u00edch th\u01b0\u1edbc ti\u00eau chu\u1ea9n. \u0110\u1eb7c bi\u1ec7t: Nh\u1eadn \u0111\u00f3ng theo k\u00edch th\u01b0\u1edbc y\u00eau c\u1ea7u \u0111\u1ec3 v\u1eeba kh\u00edt v\u1edbi m\u1ecdi g\u00f3c ch\u1ebft c\u1ee7a c\u0103n ph\u00f2ng. B\u1ea3o h\u00e0nh: 12 th\u00e1ng, b\u1ea3o tr\u00ec t\u1eadn t\u00e2m.<\/p>\n<p>5. Li\u00ean h\u1ec7 ngay \u0111\u1ec3 s\u1edf h\u1eefu kh\u00f4ng gian nh\u01b0 \u00fd \u0110\u1eebng \u0111\u1ec3 kh\u00f4ng gian b\u1eeba b\u1ed9n l\u00e0m gi\u1ea3m hi\u1ec7u su\u1ea5t l\u00e0m vi\u1ec7c hay m\u1ea5t \u0111i\u1ec3m v\u1edbi kh\u00e1ch h\u00e0ng.<\/p>\n<p>Li\u00ean h\u1ec7 ngay v\u1edbi N\u1ed9i Th\u1ea5t \u0110\u1eb7ng Ng\u1ecdc \u0111\u1ec3 \u0111\u01b0\u1ee3c t\u01b0 v\u1ea5n v\u00e0 l\u00ean thi\u1ebft k\u1ebf 3D!<\/p>\n<p>Hotline \/ Zalo: 0379.793.956 \u2013 0379.946.639 N\u1ed9i Th\u1ea5t \u0110\u1eb7ng Ng\u1ecdc \u2013 Uy t\u00edn t\u1ea1o n\u00ean th\u01b0\u01a1ng hi\u1ec7u.<\/p>\n","protected":false},"excerpt":{"rendered":"<ul>\n<li>Th\u00f4ng s\u1ed1 k\u1ef9 thu\u1eadt &amp; Ch\u1ea5t l\u01b0\u1ee3ng Ch\u1ea5t li\u1ec7u: G\u1ed7 MDF cao c\u1ea5p, ch\u1ed1ng cong v\u00eanh, m\u1ed1i m\u1ecdt, tu\u1ed5i th\u1ecd s\u1eed d\u1ee5ng l\u00e2u d\u00e0i.<\/li>\n<li>Ch\u00fang t\u00f4i s\u1ebd t\u01b0 v\u1ea5n m\u00e0u s\u1eafc ph\u00f9 h\u1ee3p v\u1edbi logo th\u01b0\u01a1ng hi\u1ec7u ho\u1eb7c phong th\u1ee7y gia ch\u1ee7.<\/li>\n<li>K\u00edch th\u01b0\u1edbc: C\u00f3 nhi\u1ec1u k\u00edch th\u01b0\u1edbc ti\u00eau chu\u1ea9n.<\/li>\n<li>\u0110\u1eb7c bi\u1ec7t: Nh\u1eadn \u0111\u00f3ng theo k\u00edch th\u01b0\u1edbc y\u00eau c\u1ea7u \u0111\u1ec3 v\u1eeba kh\u00edt v\u1edbi m\u1ecdi g\u00f3c ch\u1ebft c\u1ee7a c\u0103n ph\u00f2ng.<\/li>\n<li>B\u1ea3o h\u00e0nh: 12 th\u00e1ng, b\u1ea3o tr\u00ec t\u1eadn t\u00e2m.<\/li>\n<\/ul>\n","protected":false},"featured_media":330,"comment_status":"open","ping_status":"closed","template":"","meta":[],"product_brand":[],"product_cat":[100,81,80,78],"product_tag":[82],"class_list":{"0":"post-328","1":"product","2":"type-product","3":"status-publish","4":"has-post-thumbnail","6":"product_cat-danh-muc-san-pham","7":"product_cat-ke-sach","8":"product_cat-noi-that-gia-dinh","9":"product_cat-noi-that-van-phong","10":"product_tag-ke","12":"first","13":"instock","14":"sale","15":"shipping-taxable","16":"purchasable","17":"product-type-simple"},"yoast_head":"<!-- This site is optimized with the Yoast SEO plugin v26.6 - https:\/\/yoast.com\/wordpress\/plugins\/seo\/ -->\n<title>K\u1ec7 S\u00e1ch \u0110\u1ee9ng \u0110a N\u0103ng Hi\u1ec7n \u0111\u1ea1i - N\u1ed9i Th\u1ea5t \u0110\u1eb7ng Ng\u1ecdc<\/title>\n<meta name=\"robots\" content=\"index, follow, max-snippet:-1, max-image-preview:large, max-video-preview:-1\" \/>\n<link rel=\"canonical\" href=\"https:\/\/noithatdangngoc.com\/index.php\/san-pham\/ke-sach-dung-da-nang-hien-dai\/\" \/>\n<meta property=\"og:locale\" content=\"vi_VN\" \/>\n<meta property=\"og:type\" content=\"article\" \/>\n<meta property=\"og:title\" content=\"K\u1ec7 S\u00e1ch \u0110\u1ee9ng \u0110a N\u0103ng Hi\u1ec7n \u0111\u1ea1i - N\u1ed9i Th\u1ea5t \u0110\u1eb7ng Ng\u1ecdc\" \/>\n<meta property=\"og:description\" content=\"Th\u00f4ng s\u1ed1 k\u1ef9 thu\u1eadt &amp; Ch\u1ea5t l\u01b0\u1ee3ng Ch\u1ea5t li\u1ec7u: G\u1ed7 MDF cao c\u1ea5p, ch\u1ed1ng cong v\u00eanh, m\u1ed1i m\u1ecdt, tu\u1ed5i th\u1ecd s\u1eed d\u1ee5ng l\u00e2u d\u00e0i.  Ch\u00fang t\u00f4i s\u1ebd t\u01b0 v\u1ea5n m\u00e0u s\u1eafc ph\u00f9 h\u1ee3p v\u1edbi logo th\u01b0\u01a1ng hi\u1ec7u ho\u1eb7c phong th\u1ee7y gia ch\u1ee7.  K\u00edch th\u01b0\u1edbc: C\u00f3 nhi\u1ec1u k\u00edch th\u01b0\u1edbc ti\u00eau chu\u1ea9n.  \u0110\u1eb7c bi\u1ec7t: Nh\u1eadn \u0111\u00f3ng theo k\u00edch th\u01b0\u1edbc y\u00eau c\u1ea7u \u0111\u1ec3 v\u1eeba kh\u00edt v\u1edbi m\u1ecdi g\u00f3c ch\u1ebft c\u1ee7a c\u0103n ph\u00f2ng.  B\u1ea3o h\u00e0nh: 12 th\u00e1ng, b\u1ea3o tr\u00ec t\u1eadn t\u00e2m.\" \/>\n<meta property=\"og:url\" content=\"https:\/\/noithatdangngoc.com\/index.php\/san-pham\/ke-sach-dung-da-nang-hien-dai\/\" \/>\n<meta property=\"og:site_name\" content=\"N\u1ed9i Th\u1ea5t \u0110\u1eb7ng Ng\u1ecdc\" \/>\n<meta property=\"article:modified_time\" content=\"2025-12-19T18:06:11+00:00\" \/>\n<meta property=\"og:image\" content=\"https:\/\/noithatdangngoc.com\/wp-content\/uploads\/2025\/12\/38.png\" \/>\n\t<meta property=\"og:image:width\" content=\"1080\" \/>\n\t<meta property=\"og:image:height\" content=\"1080\" \/>\n\t<meta property=\"og:image:type\" content=\"image\/png\" \/>\n<meta name=\"twitter:card\" content=\"summary_large_image\" \/>\n<meta name=\"twitter:label1\" content=\"\u01af\u1edbc t\u00ednh th\u1eddi gian \u0111\u1ecdc\" \/>\n\t<meta name=\"twitter:data1\" content=\"3 ph\u00fat\" \/>\n<script type=\"application\/ld+json\" class=\"yoast-schema-graph\">{\"@context\":\"https:\/\/schema.org\",\"@graph\":[{\"@type\":\"WebPage\",\"@id\":\"https:\/\/noithatdangngoc.com\/index.php\/san-pham\/ke-sach-dung-da-nang-hien-dai\/\",\"url\":\"https:\/\/noithatdangngoc.com\/index.php\/san-pham\/ke-sach-dung-da-nang-hien-dai\/\",\"name\":\"K\u1ec7 S\u00e1ch \u0110\u1ee9ng \u0110a N\u0103ng Hi\u1ec7n \u0111\u1ea1i - N\u1ed9i Th\u1ea5t \u0110\u1eb7ng Ng\u1ecdc\",\"isPartOf\":{\"@id\":\"https:\/\/noithatdangngoc.com\/#website\"},\"primaryImageOfPage\":{\"@id\":\"https:\/\/noithatdangngoc.com\/index.php\/san-pham\/ke-sach-dung-da-nang-hien-dai\/#primaryimage\"},\"image\":{\"@id\":\"https:\/\/noithatdangngoc.com\/index.php\/san-pham\/ke-sach-dung-da-nang-hien-dai\/#primaryimage\"},\"thumbnailUrl\":\"https:\/\/noithatdangngoc.com\/wp-content\/uploads\/2025\/12\/38.png\",\"datePublished\":\"2025-12-16T14:36:48+00:00\",\"dateModified\":\"2025-12-19T18:06:11+00:00\",\"breadcrumb\":{\"@id\":\"https:\/\/noithatdangngoc.com\/index.php\/san-pham\/ke-sach-dung-da-nang-hien-dai\/#breadcrumb\"},\"inLanguage\":\"vi\",\"potentialAction\":[{\"@type\":\"ReadAction\",\"target\":[\"https:\/\/noithatdangngoc.com\/index.php\/san-pham\/ke-sach-dung-da-nang-hien-dai\/\"]}]},{\"@type\":\"ImageObject\",\"inLanguage\":\"vi\",\"@id\":\"https:\/\/noithatdangngoc.com\/index.php\/san-pham\/ke-sach-dung-da-nang-hien-dai\/#primaryimage\",\"url\":\"https:\/\/noithatdangngoc.com\/wp-content\/uploads\/2025\/12\/38.png\",\"contentUrl\":\"https:\/\/noithatdangngoc.com\/wp-content\/uploads\/2025\/12\/38.png\",\"width\":1080,\"height\":1080},{\"@type\":\"BreadcrumbList\",\"@id\":\"https:\/\/noithatdangngoc.com\/index.php\/san-pham\/ke-sach-dung-da-nang-hien-dai\/#breadcrumb\",\"itemListElement\":[{\"@type\":\"ListItem\",\"position\":1,\"name\":\"Trang ch\u1ee7\",\"item\":\"https:\/\/noithatdangngoc.com\/\"},{\"@type\":\"ListItem\",\"position\":2,\"name\":\"C\u1eeda h\u00e0ng\",\"item\":\"https:\/\/noithatdangngoc.com\/index.php\/cua-hang\/\"},{\"@type\":\"ListItem\",\"position\":3,\"name\":\"K\u1ec7 S\u00e1ch \u0110\u1ee9ng \u0110a N\u0103ng Hi\u1ec7n \u0111\u1ea1i\"}]},{\"@type\":\"WebSite\",\"@id\":\"https:\/\/noithatdangngoc.com\/#website\",\"url\":\"https:\/\/noithatdangngoc.com\/\",\"name\":\"N\u1ed9i Th\u1ea5t \u0110\u1eb7ng Ng\u1ecdc\",\"description\":\"\",\"potentialAction\":[{\"@type\":\"SearchAction\",\"target\":{\"@type\":\"EntryPoint\",\"urlTemplate\":\"https:\/\/noithatdangngoc.com\/?s={search_term_string}\"},\"query-input\":{\"@type\":\"PropertyValueSpecification\",\"valueRequired\":true,\"valueName\":\"search_term_string\"}}],\"inLanguage\":\"vi\"}]}<\/script>\n<!-- \/ Yoast SEO plugin. -->","yoast_head_json":{"title":"K\u1ec7 S\u00e1ch \u0110\u1ee9ng \u0110a N\u0103ng Hi\u1ec7n \u0111\u1ea1i - N\u1ed9i Th\u1ea5t \u0110\u1eb7ng Ng\u1ecdc","robots":{"index":"index","follow":"follow","max-snippet":"max-snippet:-1","max-image-preview":"max-image-preview:large","max-video-preview":"max-video-preview:-1"},"canonical":"https:\/\/noithatdangngoc.com\/index.php\/san-pham\/ke-sach-dung-da-nang-hien-dai\/","og_locale":"vi_VN","og_type":"article","og_title":"K\u1ec7 S\u00e1ch \u0110\u1ee9ng \u0110a N\u0103ng Hi\u1ec7n \u0111\u1ea1i - N\u1ed9i Th\u1ea5t \u0110\u1eb7ng Ng\u1ecdc","og_description":"Th\u00f4ng s\u1ed1 k\u1ef9 thu\u1eadt &amp; Ch\u1ea5t l\u01b0\u1ee3ng Ch\u1ea5t li\u1ec7u: G\u1ed7 MDF cao c\u1ea5p, ch\u1ed1ng cong v\u00eanh, m\u1ed1i m\u1ecdt, tu\u1ed5i th\u1ecd s\u1eed d\u1ee5ng l\u00e2u d\u00e0i.  Ch\u00fang t\u00f4i s\u1ebd t\u01b0 v\u1ea5n m\u00e0u s\u1eafc ph\u00f9 h\u1ee3p v\u1edbi logo th\u01b0\u01a1ng hi\u1ec7u ho\u1eb7c phong th\u1ee7y gia ch\u1ee7.  K\u00edch th\u01b0\u1edbc: C\u00f3 nhi\u1ec1u k\u00edch th\u01b0\u1edbc ti\u00eau chu\u1ea9n.  \u0110\u1eb7c bi\u1ec7t: Nh\u1eadn \u0111\u00f3ng theo k\u00edch th\u01b0\u1edbc y\u00eau c\u1ea7u \u0111\u1ec3 v\u1eeba kh\u00edt v\u1edbi m\u1ecdi g\u00f3c ch\u1ebft c\u1ee7a c\u0103n ph\u00f2ng.  B\u1ea3o h\u00e0nh: 12 th\u00e1ng, b\u1ea3o tr\u00ec t\u1eadn t\u00e2m.","og_url":"https:\/\/noithatdangngoc.com\/index.php\/san-pham\/ke-sach-dung-da-nang-hien-dai\/","og_site_name":"N\u1ed9i Th\u1ea5t \u0110\u1eb7ng Ng\u1ecdc","article_modified_time":"2025-12-19T18:06:11+00:00","og_image":[{"width":1080,"height":1080,"url":"https:\/\/noithatdangngoc.com\/wp-content\/uploads\/2025\/12\/38.png","type":"image\/png"}],"twitter_card":"summary_large_image","twitter_misc":{"\u01af\u1edbc t\u00ednh th\u1eddi gian \u0111\u1ecdc":"3 ph\u00fat"},"schema":{"@context":"https:\/\/schema.org","@graph":[{"@type":"WebPage","@id":"https:\/\/noithatdangngoc.com\/index.php\/san-pham\/ke-sach-dung-da-nang-hien-dai\/","url":"https:\/\/noithatdangngoc.com\/index.php\/san-pham\/ke-sach-dung-da-nang-hien-dai\/","name":"K\u1ec7 S\u00e1ch \u0110\u1ee9ng \u0110a N\u0103ng Hi\u1ec7n \u0111\u1ea1i - N\u1ed9i Th\u1ea5t \u0110\u1eb7ng Ng\u1ecdc","isPartOf":{"@id":"https:\/\/noithatdangngoc.com\/#website"},"primaryImageOfPage":{"@id":"https:\/\/noithatdangngoc.com\/index.php\/san-pham\/ke-sach-dung-da-nang-hien-dai\/#primaryimage"},"image":{"@id":"https:\/\/noithatdangngoc.com\/index.php\/san-pham\/ke-sach-dung-da-nang-hien-dai\/#primaryimage"},"thumbnailUrl":"https:\/\/noithatdangngoc.com\/wp-content\/uploads\/2025\/12\/38.png","datePublished":"2025-12-16T14:36:48+00:00","dateModified":"2025-12-19T18:06:11+00:00","breadcrumb":{"@id":"https:\/\/noithatdangngoc.com\/index.php\/san-pham\/ke-sach-dung-da-nang-hien-dai\/#breadcrumb"},"inLanguage":"vi","potentialAction":[{"@type":"ReadAction","target":["https:\/\/noithatdangngoc.com\/index.php\/san-pham\/ke-sach-dung-da-nang-hien-dai\/"]}]},{"@type":"ImageObject","inLanguage":"vi","@id":"https:\/\/noithatdangngoc.com\/index.php\/san-pham\/ke-sach-dung-da-nang-hien-dai\/#primaryimage","url":"https:\/\/noithatdangngoc.com\/wp-content\/uploads\/2025\/12\/38.png","contentUrl":"https:\/\/noithatdangngoc.com\/wp-content\/uploads\/2025\/12\/38.png","width":1080,"height":1080},{"@type":"BreadcrumbList","@id":"https:\/\/noithatdangngoc.com\/index.php\/san-pham\/ke-sach-dung-da-nang-hien-dai\/#breadcrumb","itemListElement":[{"@type":"ListItem","position":1,"name":"Trang ch\u1ee7","item":"https:\/\/noithatdangngoc.com\/"},{"@type":"ListItem","position":2,"name":"C\u1eeda h\u00e0ng","item":"https:\/\/noithatdangngoc.com\/index.php\/cua-hang\/"},{"@type":"ListItem","position":3,"name":"K\u1ec7 S\u00e1ch \u0110\u1ee9ng \u0110a N\u0103ng Hi\u1ec7n \u0111\u1ea1i"}]},{"@type":"WebSite","@id":"https:\/\/noithatdangngoc.com\/#website","url":"https:\/\/noithatdangngoc.com\/","name":"N\u1ed9i Th\u1ea5t \u0110\u1eb7ng Ng\u1ecdc","description":"","potentialAction":[{"@type":"SearchAction","target":{"@type":"EntryPoint","urlTemplate":"https:\/\/noithatdangngoc.com\/?s={search_term_string}"},"query-input":{"@type":"PropertyValueSpecification","valueRequired":true,"valueName":"search_term_string"}}],"inLanguage":"vi"}]}},"_links":{"self":[{"href":"https:\/\/noithatdangngoc.com\/index.php\/wp-json\/wp\/v2\/product\/328","targetHints":{"allow":["GET"]}}],"collection":[{"href":"https:\/\/noithatdangngoc.com\/index.php\/wp-json\/wp\/v2\/product"}],"about":[{"href":"https:\/\/noithatdangngoc.com\/index.php\/wp-json\/wp\/v2\/types\/product"}],"replies":[{"embeddable":true,"href":"https:\/\/noithatdangngoc.com\/index.php\/wp-json\/wp\/v2\/comments?post=328"}],"wp:featuredmedia":[{"embeddable":true,"href":"https:\/\/noithatdangngoc.com\/index.php\/wp-json\/wp\/v2\/media\/330"}],"wp:attachment":[{"href":"https:\/\/noithatdangngoc.com\/index.php\/wp-json\/wp\/v2\/media?parent=328"}],"wp:term":[{"taxonomy":"product_brand","embeddable":true,"href":"https:\/\/noithatdangngoc.com\/index.php\/wp-json\/wp\/v2\/product_brand?post=328"},{"taxonomy":"product_cat","embeddable":true,"href":"https:\/\/noithatdangngoc.com\/index.php\/wp-json\/wp\/v2\/product_cat?post=328"},{"taxonomy":"product_tag","embeddable":true,"href":"https:\/\/noithatdangngoc.com\/index.php\/wp-json\/wp\/v2\/product_tag?post=328"}],"curies":[{"name":"wp","href":"https:\/\/api.w.org\/{rel}","templated":true}]}}